{"id":958,"date":"2025-12-09T14:04:54","date_gmt":"2025-12-09T17:04:54","guid":{"rendered":"https:\/\/enteri.com.br\/?page_id=958"},"modified":"2026-03-31T10:36:49","modified_gmt":"2026-03-31T13:36:49","slug":"tratamento-de-efluentes-industriais-2","status":"publish","type":"page","link":"https:\/\/enteri.com.br\/?page_id=958","title":{"rendered":"Tratamento de Efluentes Industriais"},"content":{"rendered":"\t\t<div data-elementor-type=\"wp-page\" data-elementor-id=\"958\" class=\"elementor elementor-958\" data-elementor-post-type=\"page\">\n\t\t\t\t<div class=\"elementor-element elementor-element-b67c52d e-flex e-con-boxed e-con e-parent\" data-id=\"b67c52d\" data-element_type=\"container\">\n\t\t\t\t\t<div class=\"e-con-inner\">\n\t\t\t\t<div class=\"elementor-element elementor-element-799abf9 elementor-widget elementor-widget-heading\" data-id=\"799abf9\" data-element_type=\"widget\" data-widget_type=\"heading.default\">\n\t\t\t\t<div class=\"elementor-widget-container\">\n\t\t\t\t\t<h2 class=\"elementor-heading-title elementor-size-default\">Uma solu\u00e7\u00e3o, diversas aplica\u00e7\u00f5es<\/h2>\t\t\t\t<\/div>\n\t\t\t\t<\/div>\n\t\t\t\t\t<\/div>\n\t\t\t\t<\/div>\n\t\t<div class=\"elementor-element elementor-element-e6cd0cc e-con-full e-flex e-con e-parent\" data-id=\"e6cd0cc\" data-element_type=\"container\">\n\t\t\t\t<div class=\"elementor-element elementor-element-8db4efc elementor-widget__width-initial elementor-widget elementor-widget-text-editor\" data-id=\"8db4efc\" data-element_type=\"widget\" data-widget_type=\"text-editor.default\">\n\t\t\t\t<div class=\"elementor-widget-container\">\n\t\t\t\t\t\t\t\t\t<p style=\"padding-left: 40px;\">A <span style=\"color: #1f7373;\"><strong>ENTERI <\/strong><\/span>utilizando tecnologias avan\u00e7adas pr\u00f3prias oferece solu\u00e7\u00f5es que atendem as demandas e necessidades de diferentes setores industriais:<\/p><p>\u00a0<\/p><p>\u00a0 \u00a0 \u00a0 \u00a0 \u00a0 \u00a0 \u00a0 \u00a0 \u00a0 \u00a0 <span style=\"color: #1f7373;\"><strong>\u2713<\/strong><\/span> Ind\u00fastrias t\u00eaxteis;<\/p><p>\u00a0 \u00a0 \u00a0 \u00a0 \u00a0 \u00a0 \u00a0 \u00a0 \u00a0 \u00a0 <span style=\"color: #1f7373;\"><strong>\u2713<\/strong><\/span> \u00c1guas oleosas;<\/p><p>\u00a0 \u00a0 \u00a0 \u00a0 \u00a0 \u00a0 \u00a0 \u00a0 \u00a0 \u00a0 <span style=\"color: #1f7373;\"><strong>\u2713<\/strong><\/span> Mineradoras;<\/p><p>\u00a0 \u00a0 \u00a0 \u00a0 \u00a0 \u00a0 \u00a0 \u00a0 \u00a0 \u00a0<span style=\"color: #1f7373;\"><strong> \u2713<\/strong><\/span> Qu\u00edmicas;<\/p><p>\u00a0 \u00a0 \u00a0 \u00a0 \u00a0 \u00a0 \u00a0 \u00a0 \u00a0 \u00a0 <span style=\"color: #1f7373;\"><strong>\u2713<\/strong><\/span> Farmac\u00eauticas;<\/p><p>\u00a0 \u00a0 \u00a0 \u00a0 \u00a0 \u00a0 \u00a0 \u00a0 \u00a0 \u00a0 <span style=\"color: #1f7373;\"><strong>\u2713<\/strong><\/span> Aliment\u00edcias.<\/p>\t\t\t\t\t\t\t\t<\/div>\n\t\t\t\t<\/div>\n\t\t\t\t<\/div>\n\t\t<div class=\"elementor-element elementor-element-7b954d6 e-grid e-con-boxed e-con e-parent\" data-id=\"7b954d6\" data-element_type=\"container\">\n\t\t\t\t\t<div class=\"e-con-inner\">\n\t\t\t\t<div class=\"elementor-element elementor-element-5b63798 elementor-widget elementor-widget-image\" data-id=\"5b63798\" data-element_type=\"widget\" data-widget_type=\"image.default\">\n\t\t\t\t<div class=\"elementor-widget-container\">\n\t\t\t\t\t\t\t\t\t\t\t\t<figure class=\"wp-caption\">\n\t\t\t\t\t\t\t\t\t\t<img fetchpriority=\"high\" decoding=\"async\" width=\"457\" height=\"375\" src=\"https:\/\/enteri.com.br\/wp-content\/uploads\/2026\/03\/Mineracao.jpeg\" class=\"attachment-large size-large wp-image-2277\" alt=\"\" srcset=\"https:\/\/enteri.com.br\/wp-content\/uploads\/2026\/03\/Mineracao.jpeg 457w, https:\/\/enteri.com.br\/wp-content\/uploads\/2026\/03\/Mineracao-300x246.jpeg 300w\" sizes=\"(max-width: 457px) 100vw, 457px\" \/>\t\t\t\t\t\t\t\t\t\t\t<figcaption class=\"widget-image-caption wp-caption-text\">Minera\u00e7\u00e3o<\/figcaption>\n\t\t\t\t\t\t\t\t\t\t<\/figure>\n\t\t\t\t\t\t\t\t\t<\/div>\n\t\t\t\t<\/div>\n\t\t\t\t<div class=\"elementor-element elementor-element-1156865 elementor-widget elementor-widget-image\" data-id=\"1156865\" data-element_type=\"widget\" data-widget_type=\"image.default\">\n\t\t\t\t<div class=\"elementor-widget-container\">\n\t\t\t\t\t\t\t\t\t\t\t\t<figure class=\"wp-caption\">\n\t\t\t\t\t\t\t\t\t\t<img decoding=\"async\" width=\"416\" height=\"403\" src=\"https:\/\/enteri.com.br\/wp-content\/uploads\/2026\/03\/Agua-de-Producao-de-Petroleo.jpg\" class=\"attachment-large size-large wp-image-2273\" alt=\"\" srcset=\"https:\/\/enteri.com.br\/wp-content\/uploads\/2026\/03\/Agua-de-Producao-de-Petroleo.jpg 416w, https:\/\/enteri.com.br\/wp-content\/uploads\/2026\/03\/Agua-de-Producao-de-Petroleo-300x291.jpg 300w\" sizes=\"(max-width: 416px) 100vw, 416px\" \/>\t\t\t\t\t\t\t\t\t\t\t<figcaption class=\"widget-image-caption wp-caption-text\">Produ\u00e7\u00e3o de Petr\u00f3leo<\/figcaption>\n\t\t\t\t\t\t\t\t\t\t<\/figure>\n\t\t\t\t\t\t\t\t\t<\/div>\n\t\t\t\t<\/div>\n\t\t\t\t<div class=\"elementor-element elementor-element-d065217 elementor-widget elementor-widget-image\" data-id=\"d065217\" data-element_type=\"widget\" data-widget_type=\"image.default\">\n\t\t\t\t<div class=\"elementor-widget-container\">\n\t\t\t\t\t\t\t\t\t\t\t\t<figure class=\"wp-caption\">\n\t\t\t\t\t\t\t\t\t\t<img decoding=\"async\" width=\"331\" height=\"303\" src=\"https:\/\/enteri.com.br\/wp-content\/uploads\/2026\/03\/Fabrica-de-Catalisadores.jpg\" class=\"attachment-large size-large wp-image-2275\" alt=\"\" srcset=\"https:\/\/enteri.com.br\/wp-content\/uploads\/2026\/03\/Fabrica-de-Catalisadores.jpg 331w, https:\/\/enteri.com.br\/wp-content\/uploads\/2026\/03\/Fabrica-de-Catalisadores-300x275.jpg 300w\" sizes=\"(max-width: 331px) 100vw, 331px\" \/>\t\t\t\t\t\t\t\t\t\t\t<figcaption class=\"widget-image-caption wp-caption-text\">F\u00e1brica\u00e7\u00e3o de Catalisadores<\/figcaption>\n\t\t\t\t\t\t\t\t\t\t<\/figure>\n\t\t\t\t\t\t\t\t\t<\/div>\n\t\t\t\t<\/div>\n\t\t\t\t\t<\/div>\n\t\t\t\t<\/div>\n\t\t<div class=\"elementor-element elementor-element-73a0794 e-flex e-con-boxed e-con e-parent\" data-id=\"73a0794\" data-element_type=\"container\">\n\t\t\t\t\t<div class=\"e-con-inner\">\n\t\t\t\t<div class=\"elementor-element elementor-element-c331866 elementor-widget elementor-widget-heading\" data-id=\"c331866\" data-element_type=\"widget\" data-widget_type=\"heading.default\">\n\t\t\t\t<div class=\"elementor-widget-container\">\n\t\t\t\t\t<h2 class=\"elementor-heading-title elementor-size-default\">A ENTERI define a melhor combina\u00e7\u00e3o para cada situa\u00e7\u00e3o<\/h2>\t\t\t\t<\/div>\n\t\t\t\t<\/div>\n\t\t\t\t\t<\/div>\n\t\t\t\t<\/div>\n\t\t<div class=\"elementor-element elementor-element-1c9ca26 e-flex e-con-boxed e-con e-parent\" data-id=\"1c9ca26\" data-element_type=\"container\">\n\t\t\t\t\t<div class=\"e-con-inner\">\n\t\t\t\t<div class=\"elementor-element elementor-element-d127edd elementor-widget__width-initial elementor-widget elementor-widget-text-editor\" data-id=\"d127edd\" data-element_type=\"widget\" data-widget_type=\"text-editor.default\">\n\t\t\t\t<div class=\"elementor-widget-container\">\n\t\t\t\t\t\t\t\t\t<p>A utiliza\u00e7\u00e3o individual ou em conjunto das tecnologias (<span style=\"color: #1f7373;\"><strong>EOR, <em>MDO<\/em> e INJUVO<\/strong><\/span>) garante um grau elevado remo\u00e7\u00e3o de contaminantes complexos, metais pesados, surfactantes, e compostos recalcitrantes.<\/p><p>\u00a0<\/p><p>Essas tecnologias j\u00e1 foram aplicadas pela <span style=\"color: #1f7373;\"><strong>ENTERI<\/strong><\/span> em diferentes instala\u00e7\u00f5es industriais com vaz\u00f5es at\u00e9 15 m\u00b3\/h, comprovando assim a sua efic\u00e1cia.<\/p><p>\u00a0<\/p><p>Al\u00e9m disso por serem instaladas em estruturas compactas e modulares, as unidades de tratamento <span style=\"color: #1f7373;\"><strong>ENTERI<\/strong><\/span> asseguram menor consumo energ\u00e9tico, baixa necessidade de insumos e alta efici\u00eancia na clarifica\u00e7\u00e3o e degrada\u00e7\u00e3o dos poluentes presentes.<\/p><p>\u00a0<\/p><p>Desta forma proporcionamos redu\u00e7\u00f5es significativas nos custos operacionais (<span style=\"color: #1f7373;\"><strong>OPEX<\/strong><\/span>) aos nossos clientes.<\/p>\t\t\t\t\t\t\t\t<\/div>\n\t\t\t\t<\/div>\n\t\t\t\t\t<\/div>\n\t\t\t\t<\/div>\n\t\t<div class=\"elementor-element elementor-element-9f56d6f e-grid e-con-boxed e-con e-parent\" data-id=\"9f56d6f\" data-element_type=\"container\">\n\t\t\t\t\t<div class=\"e-con-inner\">\n\t\t\t\t<div class=\"elementor-element elementor-element-893e52a elementor-widget elementor-widget-image\" data-id=\"893e52a\" data-element_type=\"widget\" data-widget_type=\"image.default\">\n\t\t\t\t<div class=\"elementor-widget-container\">\n\t\t\t\t\t\t\t\t\t\t\t\t<figure class=\"wp-caption\">\n\t\t\t\t\t\t\t\t\t\t<img loading=\"lazy\" decoding=\"async\" width=\"381\" height=\"276\" src=\"https:\/\/enteri.com.br\/wp-content\/uploads\/2026\/03\/Efluente-Oleoso-de-Termeletrica.jpeg\" class=\"attachment-large size-large wp-image-2274\" alt=\"\" srcset=\"https:\/\/enteri.com.br\/wp-content\/uploads\/2026\/03\/Efluente-Oleoso-de-Termeletrica.jpeg 381w, https:\/\/enteri.com.br\/wp-content\/uploads\/2026\/03\/Efluente-Oleoso-de-Termeletrica-300x217.jpeg 300w\" sizes=\"(max-width: 381px) 100vw, 381px\" \/>\t\t\t\t\t\t\t\t\t\t\t<figcaption class=\"widget-image-caption wp-caption-text\">Termel\u00e9tricas<\/figcaption>\n\t\t\t\t\t\t\t\t\t\t<\/figure>\n\t\t\t\t\t\t\t\t\t<\/div>\n\t\t\t\t<\/div>\n\t\t\t\t<div class=\"elementor-element elementor-element-7a8d5e5 elementor-widget elementor-widget-image\" data-id=\"7a8d5e5\" data-element_type=\"widget\" data-widget_type=\"image.default\">\n\t\t\t\t<div class=\"elementor-widget-container\">\n\t\t\t\t\t\t\t\t\t\t\t\t<figure class=\"wp-caption\">\n\t\t\t\t\t\t\t\t\t\t<img loading=\"lazy\" decoding=\"async\" width=\"207\" height=\"193\" src=\"https:\/\/enteri.com.br\/wp-content\/uploads\/2026\/03\/Lavanderia-Textil.jpg\" class=\"attachment-large size-large wp-image-2276\" alt=\"\" \/>\t\t\t\t\t\t\t\t\t\t\t<figcaption class=\"widget-image-caption wp-caption-text\">T\u00eaxtil<\/figcaption>\n\t\t\t\t\t\t\t\t\t\t<\/figure>\n\t\t\t\t\t\t\t\t\t<\/div>\n\t\t\t\t<\/div>\n\t\t\t\t<div class=\"elementor-element elementor-element-5bdeb16 elementor-widget elementor-widget-image\" data-id=\"5bdeb16\" data-element_type=\"widget\" data-widget_type=\"image.default\">\n\t\t\t\t<div class=\"elementor-widget-container\">\n\t\t\t\t\t\t\t\t\t\t\t\t<figure class=\"wp-caption\">\n\t\t\t\t\t\t\t\t\t\t<img loading=\"lazy\" decoding=\"async\" width=\"341\" height=\"228\" src=\"https:\/\/enteri.com.br\/wp-content\/uploads\/2026\/03\/Industria-de-Cosmeticos.jpg\" class=\"attachment-large size-large wp-image-2278\" alt=\"\" srcset=\"https:\/\/enteri.com.br\/wp-content\/uploads\/2026\/03\/Industria-de-Cosmeticos.jpg 341w, https:\/\/enteri.com.br\/wp-content\/uploads\/2026\/03\/Industria-de-Cosmeticos-300x201.jpg 300w\" sizes=\"(max-width: 341px) 100vw, 341px\" \/>\t\t\t\t\t\t\t\t\t\t\t<figcaption class=\"widget-image-caption wp-caption-text\">Minera\u00e7\u00e3o<\/figcaption>\n\t\t\t\t\t\t\t\t\t\t<\/figure>\n\t\t\t\t\t\t\t\t\t<\/div>\n\t\t\t\t<\/div>\n\t\t\t\t\t<\/div>\n\t\t\t\t<\/div>\n\t\t<div class=\"elementor-element elementor-element-7e3145d e-flex e-con-boxed e-con e-parent\" data-id=\"7e3145d\" data-element_type=\"container\">\n\t\t\t\t\t<div class=\"e-con-inner\">\n\t\t\t\t<div class=\"elementor-element elementor-element-d280c04 elementor-widget elementor-widget-button\" data-id=\"d280c04\" data-element_type=\"widget\" data-widget_type=\"button.default\">\n\t\t\t\t<div class=\"elementor-widget-container\">\n\t\t\t\t\t\t\t\t\t<div class=\"elementor-button-wrapper\">\n\t\t\t\t\t<a class=\"elementor-button elementor-button-link elementor-size-sm\" href=\"https:\/\/enteri.com.br\/?page_id=699\">\n\t\t\t\t\t\t<span class=\"elementor-button-content-wrapper\">\n\t\t\t\t\t\t\t\t\t<span class=\"elementor-button-text\">&lt;  Voltar<\/span>\n\t\t\t\t\t<\/span>\n\t\t\t\t\t<\/a>\n\t\t\t\t<\/div>\n\t\t\t\t\t\t\t\t<\/div>\n\t\t\t\t<\/div>\n\t\t\t\t\t<\/div>\n\t\t\t\t<\/div>\n\t\t\t\t<\/div>\n\t\t","protected":false},"excerpt":{"rendered":"<p>Uma solu\u00e7\u00e3o, diversas aplica\u00e7\u00f5es A ENTERI utilizando tecnologias avan\u00e7adas pr\u00f3prias oferece solu\u00e7\u00f5es que atendem as demandas e necessidades de diferentes setores industriais: \u00a0 \u00a0 \u00a0 \u00a0 \u00a0 \u00a0 \u00a0 \u00a0 \u00a0 \u00a0 \u00a0 \u2713 Ind\u00fastrias t\u00eaxteis; \u00a0 \u00a0 \u00a0 \u00a0 \u00a0 \u00a0 \u00a0 \u00a0 \u00a0 \u00a0 \u2713 \u00c1guas oleosas; \u00a0 \u00a0 \u00a0 \u00a0 \u00a0 \u00a0 [&hellip;]<\/p>\n","protected":false},"author":1,"featured_media":0,"parent":0,"menu_order":0,"comment_status":"closed","ping_status":"closed","template":"","meta":{"footnotes":""},"class_list":["post-958","page","type-page","status-publish","hentry"],"_links":{"self":[{"href":"https:\/\/enteri.com.br\/index.php?rest_route=\/wp\/v2\/pages\/958","targetHints":{"allow":["GET"]}}],"collection":[{"href":"https:\/\/enteri.com.br\/index.php?rest_route=\/wp\/v2\/pages"}],"about":[{"href":"https:\/\/enteri.com.br\/index.php?rest_route=\/wp\/v2\/types\/page"}],"author":[{"embeddable":true,"href":"https:\/\/enteri.com.br\/index.php?rest_route=\/wp\/v2\/users\/1"}],"replies":[{"embeddable":true,"href":"https:\/\/enteri.com.br\/index.php?rest_route=%2Fwp%2Fv2%2Fcomments&post=958"}],"version-history":[{"count":113,"href":"https:\/\/enteri.com.br\/index.php?rest_route=\/wp\/v2\/pages\/958\/revisions"}],"predecessor-version":[{"id":2334,"href":"https:\/\/enteri.com.br\/index.php?rest_route=\/wp\/v2\/pages\/958\/revisions\/2334"}],"wp:attachment":[{"href":"https:\/\/enteri.com.br\/index.php?rest_route=%2Fwp%2Fv2%2Fmedia&parent=958"}],"curies":[{"name":"wp","href":"https:\/\/api.w.org\/{rel}","templated":true}]}}