{"id":675,"date":"2025-11-29T07:10:46","date_gmt":"2025-11-29T10:10:46","guid":{"rendered":"https:\/\/enteri.com.br\/?page_id=675"},"modified":"2026-04-13T09:12:24","modified_gmt":"2026-04-13T12:12:24","slug":"unidades-padrao","status":"publish","type":"page","link":"https:\/\/enteri.com.br\/?page_id=675","title":{"rendered":"Unidades Padr\u00e3o"},"content":{"rendered":"\t\t<div data-elementor-type=\"wp-page\" data-elementor-id=\"675\" class=\"elementor elementor-675\" data-elementor-post-type=\"page\">\n\t\t\t\t<div class=\"elementor-element elementor-element-efd12de e-con-full e-flex e-con e-parent\" data-id=\"efd12de\" data-element_type=\"container\">\n\t\t\t\t<div class=\"elementor-element elementor-element-8d4dbd1 elementor-widget__width-initial elementor-widget elementor-widget-text-editor\" data-id=\"8d4dbd1\" data-element_type=\"widget\" data-widget_type=\"text-editor.default\">\n\t\t\t\t<div class=\"elementor-widget-container\">\n\t\t\t\t\t\t\t\t\t<p>S\u00e3o unidades modulares de 10 p\u00e9s (~3m x 2,4m), 20 p\u00e9s (~6m x 2,4m) ou 40 p\u00e9s (~9m x 2,4m) que podem trabalhar individualmente ou em conjunto, projetadas de acordo com os resultados obtidos para os efluentes estudados nos testes realizados com a <span style=\"color: #1f7373;\"><strong>Unidade ETHAPA<\/strong>.<\/span><\/p><p>\u00a0<\/p><p>Desta forma cada <strong><span style=\"color: #1f7373;\">Unidade PADR\u00c3O<\/span><\/strong> \u00e9 projetada, para cada tipo de efluente, de acordo com premissas de projeto que consideram:<\/p><p>\u00a0<\/p><ul style=\"list-style: none; padding: 0;\"><li style=\"list-style-type: none;\"><ul style=\"list-style: none; padding: 0;\"><li><span style=\"color: var(--primary);\"> \u00a0 \u00a0 \u00a0 \u00a0 \u00a0 \u00a0<span style=\"color: #1f7373;\"><strong>\u2713<\/strong><\/span><\/span> Vaz\u00f5es de tratamento para cada tamanho de m\u00f3dulo;<\/li><li>\u00a0<\/li><li><span style=\"color: var(--primary);\">\u00a0 \u00a0 \u00a0 \u00a0 \u00a0 \u00a0<span style=\"color: #1f7373;\"><strong>\u2713 <\/strong><\/span><\/span>Necessidade ou n\u00e3o de insumo no tratamento, o que por sua vez ir\u00e1 definir a necessidade de instala\u00e7\u00e3o de bomba dosadora e sistema de misturador est\u00e1tico;<\/li><li>\u00a0<\/li><li><ul style=\"list-style: none; padding: 0;\"><li style=\"list-style-type: none;\"><ul style=\"list-style: none; padding: 0;\"><li><span style=\"color: var(--primary);\">\u00a0 \u00a0 \u00a0 \u00a0 \u00a0 \u00a0<span style=\"color: #1f7373;\"><strong>\u2713<\/strong><\/span>\u00a0<\/span>Defini\u00e7\u00e3o de par\u00e2metros para dimensionamento do equipamento.<\/li><\/ul><\/li><\/ul><\/li><\/ul><\/li><\/ul>\t\t\t\t\t\t\t\t<\/div>\n\t\t\t\t<\/div>\n\t\t\t\t<\/div>\n\t\t<div class=\"elementor-element elementor-element-3fa560e e-grid e-con-boxed e-con e-parent\" data-id=\"3fa560e\" data-element_type=\"container\">\n\t\t\t\t\t<div class=\"e-con-inner\">\n\t\t\t\t<div class=\"elementor-element elementor-element-c20879c elementor-widget elementor-widget-image\" data-id=\"c20879c\" data-element_type=\"widget\" data-widget_type=\"image.default\">\n\t\t\t\t<div class=\"elementor-widget-container\">\n\t\t\t\t\t\t\t\t\t\t\t\t\t\t\t<img decoding=\"async\" src=\"https:\/\/enteri.com.br\/wp-content\/plugins\/elementor\/assets\/images\/placeholder.png\" title=\"\" alt=\"\" loading=\"lazy\" \/>\t\t\t\t\t\t\t\t\t\t\t\t\t\t\t<\/div>\n\t\t\t\t<\/div>\n\t\t\t\t<div class=\"elementor-element elementor-element-226ea21 elementor-widget elementor-widget-image\" data-id=\"226ea21\" data-element_type=\"widget\" data-widget_type=\"image.default\">\n\t\t\t\t<div class=\"elementor-widget-container\">\n\t\t\t\t\t\t\t\t\t\t\t\t\t\t\t<img decoding=\"async\" src=\"https:\/\/enteri.com.br\/wp-content\/plugins\/elementor\/assets\/images\/placeholder.png\" title=\"\" alt=\"\" loading=\"lazy\" \/>\t\t\t\t\t\t\t\t\t\t\t\t\t\t\t<\/div>\n\t\t\t\t<\/div>\n\t\t\t\t\t<\/div>\n\t\t\t\t<\/div>\n\t\t<div class=\"elementor-element elementor-element-76711b8 e-con-full e-flex e-con e-parent\" data-id=\"76711b8\" data-element_type=\"container\">\n\t\t\t\t<div class=\"elementor-element elementor-element-3f4f17c elementor-widget elementor-widget-text-editor\" data-id=\"3f4f17c\" data-element_type=\"widget\" data-widget_type=\"text-editor.default\">\n\t\t\t\t<div class=\"elementor-widget-container\">\n\t\t\t\t\t\t\t\t\t<ul style=\"list-style: none; padding: 0;\"><li><span style=\"color: var(--primary);\"> \u00a0 \u00a0 \u00a0 \u00a0 \u00a0<strong><span style=\"color: #1f7373;\">\u2713<\/span><\/strong><\/span> Inser\u00e7\u00e3o de sensores <em>\u201cin line\u201d<\/em> (como pH, temperatura e turbidez, entre outros.);<\/li><li>\u00a0<\/li><li><span style=\"color: #0a7e3e;\">\u00a0 \u00a0 \u00a0 \u00a0 \u00a0 <strong><span style=\"color: #1f7373;\">\u00a0\u2713<\/span><\/strong><\/span>\u00a0Material da tubula\u00e7\u00e3o &#8211; dentre as sugeridas pela ENTERI;<\/li><li style=\"list-style-type: none;\">\u00a0<\/li><li><span style=\"color: var(--primary);\">\u00a0 \u00a0 \u00a0 \u00a0 \u00a0 <strong><span style=\"color: #1f7373;\">\u00a0\u2713<\/span><\/strong><\/span>Tipo de conex\u00e3o IHM (Interface Homem M\u00e1quina): <em>\u201cin line\u201d <\/em>ou <em>\u201con line\u201d<\/em>;<\/li><li>\u00a0<\/li><li><span style=\"color: var(--primary);\">\u00a0 \u00a0 \u00a0 \u00a0 \u00a0 \u00a0<span style=\"color: #1f7373;\"><strong>\u2713<\/strong><\/span><\/span> Modo de opera\u00e7\u00e3o: manual ou semiautom\u00e1tico;<\/li><li>\u00a0<\/li><li><span style=\"color: #0a7e3e;\">\u00a0 \u00a0 \u00a0 \u00a0 \u00a0 \u00a0<\/span><span style=\"color: #1f7373;\"><strong>\u2713<\/strong><\/span><span style=\"text-align: center;\"> A ado\u00e7\u00e3o de um telhado m\u00f3vel sobre a unidade<\/span><\/li><\/ul>\t\t\t\t\t\t\t\t<\/div>\n\t\t\t\t<\/div>\n\t\t\t\t<\/div>\n\t\t<div class=\"elementor-element elementor-element-a25b989 e-grid e-con-boxed e-con e-parent\" data-id=\"a25b989\" data-element_type=\"container\">\n\t\t\t\t\t<div class=\"e-con-inner\">\n\t\t\t\t<div class=\"elementor-element elementor-element-a870e6c elementor-widget elementor-widget-image\" data-id=\"a870e6c\" data-element_type=\"widget\" data-widget_type=\"image.default\">\n\t\t\t\t<div class=\"elementor-widget-container\">\n\t\t\t\t\t\t\t\t\t\t\t\t\t\t\t<img decoding=\"async\" src=\"https:\/\/enteri.com.br\/wp-content\/plugins\/elementor\/assets\/images\/placeholder.png\" title=\"\" alt=\"\" loading=\"lazy\" \/>\t\t\t\t\t\t\t\t\t\t\t\t\t\t\t<\/div>\n\t\t\t\t<\/div>\n\t\t\t\t<div class=\"elementor-element elementor-element-4e56dfa elementor-widget elementor-widget-image\" data-id=\"4e56dfa\" data-element_type=\"widget\" data-widget_type=\"image.default\">\n\t\t\t\t<div class=\"elementor-widget-container\">\n\t\t\t\t\t\t\t\t\t\t\t\t\t\t\t<img decoding=\"async\" src=\"https:\/\/enteri.com.br\/wp-content\/plugins\/elementor\/assets\/images\/placeholder.png\" title=\"\" alt=\"\" loading=\"lazy\" \/>\t\t\t\t\t\t\t\t\t\t\t\t\t\t\t<\/div>\n\t\t\t\t<\/div>\n\t\t\t\t\t<\/div>\n\t\t\t\t<\/div>\n\t\t<div class=\"elementor-element elementor-element-882e410 e-con-full e-flex e-con e-parent\" data-id=\"882e410\" data-element_type=\"container\">\n\t\t\t\t<div class=\"elementor-element elementor-element-ed47afd elementor-widget elementor-widget-text-editor\" data-id=\"ed47afd\" data-element_type=\"widget\" data-widget_type=\"text-editor.default\">\n\t\t\t\t<div class=\"elementor-widget-container\">\n\t\t\t\t\t\t\t\t\t<p>Em se tratando de vaz\u00f5es ainda maiores, a quantidade de m\u00f3dulos pode ser aumentada conforme a necessidade, sendo que os mesmos podem ser instalados em s\u00e9rie ou em paralelo.<\/p><p>\u00a0<\/p><p>Esse arranjo f\u00edsico depender\u00e1 da \u00e1rea dispon\u00edvel e de um estudo pr\u00e9vio de custos.<\/p>\t\t\t\t\t\t\t\t<\/div>\n\t\t\t\t<\/div>\n\t\t\t\t<\/div>\n\t\t\t\t<\/div>\n\t\t","protected":false},"excerpt":{"rendered":"<p>S\u00e3o unidades modulares de 10 p\u00e9s (~3m x 2,4m), 20 p\u00e9s (~6m x 2,4m) ou 40 p\u00e9s (~9m x 2,4m) que podem trabalhar individualmente ou em conjunto, projetadas de acordo com os resultados obtidos para os efluentes estudados nos testes realizados com a Unidade ETHAPA. \u00a0 Desta forma cada Unidade PADR\u00c3O \u00e9 projetada, para cada [&hellip;]<\/p>\n","protected":false},"author":1,"featured_media":0,"parent":0,"menu_order":0,"comment_status":"closed","ping_status":"closed","template":"","meta":{"footnotes":""},"class_list":["post-675","page","type-page","status-publish","hentry"],"_links":{"self":[{"href":"https:\/\/enteri.com.br\/index.php?rest_route=\/wp\/v2\/pages\/675","targetHints":{"allow":["GET"]}}],"collection":[{"href":"https:\/\/enteri.com.br\/index.php?rest_route=\/wp\/v2\/pages"}],"about":[{"href":"https:\/\/enteri.com.br\/index.php?rest_route=\/wp\/v2\/types\/page"}],"author":[{"embeddable":true,"href":"https:\/\/enteri.com.br\/index.php?rest_route=\/wp\/v2\/users\/1"}],"replies":[{"embeddable":true,"href":"https:\/\/enteri.com.br\/index.php?rest_route=%2Fwp%2Fv2%2Fcomments&post=675"}],"version-history":[{"count":178,"href":"https:\/\/enteri.com.br\/index.php?rest_route=\/wp\/v2\/pages\/675\/revisions"}],"predecessor-version":[{"id":2470,"href":"https:\/\/enteri.com.br\/index.php?rest_route=\/wp\/v2\/pages\/675\/revisions\/2470"}],"wp:attachment":[{"href":"https:\/\/enteri.com.br\/index.php?rest_route=%2Fwp%2Fv2%2Fmedia&parent=675"}],"curies":[{"name":"wp","href":"https:\/\/api.w.org\/{rel}","templated":true}]}}